= -4*z + o - f, -93 = -5*z + 2*o. What is the tens digit of z?
1
Suppose 0 = -5*z + 4*z - 6. Suppose 0*a + 5*a - 25 = -w, 5*w - 147 = -3*a. What is the tens digit of 2150/w + (-2)/z?
7
Let n(d) be the first derivative of d**3 - 19*d**2/2 - 8*d - 12. What is the hundreds digit of n(14)?
3
Let f(q) = 3*q**2 + 68*q - 60. What is the thousands digit of f(-40)?
2
Let k = -802 + 1381. Suppose 6*z - k = 39. What is the hundreds digit of z?
1
Let n(c) = c**3 - 8*c**2 + 3. Let d be (3 + -2)/(2/24). Suppose 40 = d*q - 7*q. What is the units digit of n(q)?
3
Let s(y) = -4*y - 5. Let l be s(-12). Suppose -l*q + 43 = -42*q. What is the units digit of q?
3
Let s be (3/9)/(2/6). Let m = 5 - s. Suppose -4 - 4 = m*r, -4*r = 3*j + 2. What is the units digit of j?
2
What is the hundreds digit of -12 - 28550/(-16) - 3/8?
7
Let c(g) = 4*g - 45. Let y be c(17). Suppose -q + 3*h = -6*q - 20, 2*q = -4*h - 22. Let w = y - q. What is the tens digit of w?
2
Let d(f) be the second derivative of f**4/4 + 2*f**3/3 + 3*f**2/2 + 27*f. What is the tens digit of d(5)?
9
Suppose -44*y + 42*y + 4184 = 0. What is the hundreds digit of y?
0
Suppose 0 = -2*a + 8, -5*a + 356 = 2*l - 716. What is the units digit of l?
6
Let h(i) = 15*i + 70. What is the tens digit of h(29)?
0
Let f(b) be the third derivative of b**6/720 + b**4/6 + 5*b**2. Let j(m) be the second derivative of f(m). What is the units digit of j(1)?
1
Suppose -3*l - w + 1 = 0, l + 5*w = 2*l + 5. Suppose -2*c - b - b + 10 = 0, -3*c - 4*b + 16 = l. What is the units digit of c?
4
What is the tens digit of (-22470)/(-252) + 10/12 + -1?
8
Let h(r) = r**3 - r**2 + 6. Let i = -14 - -4. Let q = -10 - i. What is the units digit of h(q)?
6
Suppose -4*i = -4*o - 12, 4*o - i = i - 4. Let s(f) = 52*f**3 + 2*f**2 - f - 1. What is the tens digit of s(o)?
5
Suppose -9 = 4*d + 51. What is the units digit of ((-10)/d)/(4/786)?
1
Let c(t) = -2*t**2 + 4*t. Let y be c(3). Let k(j) = 0*j + 6*j**2 + 5*j - 4*j**2 + 3*j. What is the tens digit of k(y)?
2
Let c(b) = -4*b - 5. Let i(s) = 7*s + 9. Let w(t) = 5*c(t) + 3*i(t). Let v be w(3). Suppose 0 = -v*f + 2 + 3. What is the units digit of f?
1
Suppose -21 = -26*t + 12095. What is the tens digit of t?
6
Let c = 224 - 160. Suppose 0*x - 4*x + c = 0. What is the tens digit of x?
1
Let q(j) = -1 + 8*j**2 - 6*j**2 - j - 10*j. Let s be q(6). Suppose 0 = s*g - 320 - 35. What is the tens digit of g?
7
Suppose -3330 = 43*j - 53*j. What is the hundreds digit of j?
3
Suppose 10*n - 174 = 166. Suppose 6 = 2*b - 0*b. Let l = n + b. What is the tens digit of l?
3
Let d(v) = -v + 6. Let m be d(2). Let h = 6 - m. Suppose -4 = -h*k + 4*x + 2, -2*k + 3*x = -6. What is the units digit of k?
3
Let h be (1 + -2)/((-196)/96 - -2). Suppose 5*x - g = 48, -5*x = -x + 4*g - h. What is the units digit of x?
9
Let j = 23 - -63. Suppose -3*f + t = 4*t - 66, -3*f + 2*t = -j. What is the units digit of f?
6
Let x(l) = -285*l**3 - 2*l**2 + 2*l - 1. Let j be x(1). What is the units digit of ((-10)/(-20))/((-1)/j)?
3
Let y be -23 - (0 - -4) - 0. Let l(k) = -k**2 + 12*k - 4. Let h be l(8). Let f = h + y. What is the units digit of f?
1
Let z(u) = 101*u**3 - 2*u**2 + 3*u. Let l(o) = -102*o**3 + 2*o**2 - 2*o. Let j(g) = 5*l(g) + 4*z(g). What is the units digit of j(-1)?
6
Suppose 64 = 5*v - 3881. What is the tens digit of v?
8
Let q = -122 - -850. Suppose q = -5*a + 13*a. What is the units digit of a?
1
Suppose 4*n = 3*y + 1167, -8*n + 3*n = -2*y - 1464. What is the units digit of n?
4
Let w be (-48)/(-21) - 2/7. Let h be w/(((-10)/(-24))/5). Let j = -14 + h. What is the units digit of j?
0
Suppose -7*i + 11 = -3. Suppose -6*v - 53 = -u - v, -106 = -i*u + 2*v. What is the units digit of u?
3
Suppose 7 = 5*k - 2*f, 7*f - 3*f - 13 = k. Suppose 0*y + 3*i = -y + 80, k*y - 230 = -4*i. What is the units digit of y?
4
Let q be -16 + 13 + (-3 - 0). Let b = 9 - q. What is the tens digit of b?
1
Let a(y) = -7*y**3 + 3*y**2 + 21*y - 25. Let d(x) = 3*x**3 - x**2 - 10*x + 12. Let o(r) = -4*a(r) - 9*d(r). What is the tens digit of o(4)?
3
Suppose -3*x - 2*x = -20, -x = 3*s - 37. Let t(f) = f - 6. Let w be t(s). What is the tens digit of (-1)/w*17*-5?
1
Suppose -1075 = -2*t - 5*d, 2*t - 629 = d + 428. What is the tens digit of t?
3
Suppose -3*y = -i + 594, -6*i - 1188 = -8*i + 5*y. What is the hundreds digit of i?
5
Let j(l) = 22*l. Suppose -5*f - 3*q + 33 = -2*f, -5*q = -2*f + 8. What is the hundreds digit of j(f)?
1
Suppose -2035 - 5453 = -u. What is the tens digit of u/162 - 4/18?
4
Let z(r) = -10*r - 29. Let u be z(4). Let d = 146 + u. What is the units digit of d?
7
What is the hundreds digit of ((-67643)/(-161) - (7 - 2))*7?
9
Let o = 137 - -341. What is the units digit of o?
8
Suppose 4*k = 3*s - 10, k + 7 = 3*s - 0*s. Suppose 3*i - 249 = -3*h, -3*i - 166 = -0*h - s*h. What is the tens digit of h?
8
Let f(h) = 42*h**2 + 2*h + 1. Suppose 0 = -9*a + 7*a - 2. What is the units digit of f(a)?
1
Suppose -5*n = -3*h - 9, 0*h + 8 = h + 2*n. Let d = 16 + 5. Let p = d - h. What is the units digit of p?
9
Suppose 203 = -5*p - 97. Let d = p - -88. What is the tens digit of d?
2
Let w = 60 + -87. Let q = w + 25. What is the units digit of 1/(q*1/(-56))?
8
Let g(p) = -p**3 + p**2 + 6*p - 24. What is the hundreds digit of g(-8)?
5
What is the thousands digit of 7/28*3/((-18)/(-60072))?
2
Let h(a) = a**2 + 12*a + 1. Let v be h(-13). Let t = v - 7. What is the units digit of t?
7
Suppose 0 = 4*h - 12*h + 6984. What is the tens digit of h?
7
What is the tens digit of 1/((38/900)/19)?
5
Let q = 25 + -23. Suppose 5*g - 264 = 3*c, -45 = -g - q*c - 0. What is the tens digit of g?
5
Let j = 226 - 225. What is the units digit of j?
1
Suppose -20 = 4*t - 8*t. Suppose -t*j = 4*d - 492, d - 99 = -j - 0*d. What is the units digit of j?
6
Let w(y) = -y**3 - 18*y**2 - 20. Let k be w(-18). Let p(n) = -n + 24. Let z be p(k). Suppose 3*i - 53 = -4*h + 25, 2*h - i - z = 0. What is the tens digit of h?
2
Let c(n) = 52*n**2 - 3*n + 10. Let f be c(-3). Suppose f = 2*r + 5. What is the hundreds digit of r?
2
Suppose 94*x - 93*x + 9 = 0. What is the units digit of (x + 2 + -1)*-10?
0
Let f(j) = -j - 16. Let r be f(-12). Let x be r/(-5)*(6 - -9). Suppose -w + x = 2*w. What is the units digit of w?
4
Let m(d) = 4*d - 27. Let t be m(9). Let q = 23 - t. What is the units digit of q?
4
Suppose 12*c = -4*m + 7*c + 1217, -869 = -3*m + 5*c. What is the tens digit of m?
9
Let v(q) = q + 2. Suppose -3*d = 2*d + 45. Let r be v(d). Let w = 16 + r. What is the units digit of w?
9
Suppose 52*g - 176979 = 21*g. What is the tens digit of g?
0
Suppose -2359 - 3212 = -4*b - q, 2*b = 3*q + 2775. What is the tens digit of b?
9
Let k(y) be the third derivative of -5/12*y**4 + 1/60*y**5 + 1/3*y**3 + 0 + 0*y - 6*y**2. What is the tens digit of k(11)?
1
Let y(q) = 32*q**2 - q - 46. What is the tens digit of y(-13)?
7
What is the tens digit of -1 + 218 - (-2 + 1)?
1
Let f(m) = 208*m - 126. What is the thousands digit of f(9)?
1
What is the tens digit of (27/(-9) - -1090)/1?
8
Let l = -53 - -57. What is the tens digit of 2510/20 - (-2)/l?
2
Let b = 322 - 302. What is the units digit of b?
0
Suppose 4*n - 2*i = 3*n - 28, 0 = -3*n + 3*i - 90. What is the units digit of (1/1)/((-4)/n)?
8
Let b = 1695 - 190. What is the thousands digit of b?
1
Let o = 50 + -10. Let b = 69 - o. Suppose 11 = 2*t - b. What is the units digit of t?
0
Let n be 1 - (-5)/(10/8). Suppose n*y - 5*t = 95, 2*y + 5*t = 2*t + 18. What is the tens digit of y?
1
Suppose -4*r + q = -14, 3*r = -r - 3*q + 6. Suppose -5*c = 20*c. Suppose -2*v = -4*w + 8, 2*w - w - r = c. What is the units digit of v?
2
Let f = 1 - -1. Let c = 3 + -3. Let n = f + c. What is the units digit of n?
2
Let p be ((-30)/(-8))/(3/8). Suppose 3*s = 2*s + p. Suppose -s*n - 74 = -12*n. What is the tens digit of n?
3
Suppose 0*b - 2*b - k + 2 = 0, 5 = 5*b + 4*k. Let x be (4 + b)/((-1)/(-1)). Suppose a - 2 = 0, -o + 3*a + x - 1 = 0. What is the tens digit of o?
1
Suppose 145 = 5*c - 10*c. Let i = 17 - c. What is the units digit of i?
6
Let g(k) = k**2 - 4*k. Let j be g(4). Suppose -2*z - z + 27 = j. What is the units digit of (-10)/(-3) - z/27?
3
Suppose -14*m = -30*m + 56784. What is the tens digit of m?
4
Let t(m) = -179*m + 2. Let s be t(-1). Let f = s + 96. Wha